a be 4/(-10)*(5 + -10). Suppose -a*g = 2*q - 8, -2*q = 3*q - 4*g - 38. Suppose -2*x + 20 = -3*z, -x + 13 = 3*z - q. What is the units digit of x?
3
Let t = -156 + 232. What is the tens digit of t?
7
Let g = 6 - 1. Suppose g*j = 4*m + 145, 4*m - 5 = 5*m. What is the units digit of j?
5
Let b(z) be the third derivative of -7/6*z**3 - 1/12*z**4 - 2*z**2 + 0 + 0*z. What is the units digit of b(-5)?
3
Let n = 38 + -6. What is the units digit of n?
2
What is the units digit of (7932/(-33))/(-2) + (-2)/11?
0
Suppose -4*j - 3*o + 378 = -8*o, -5*o = 5*j - 495. What is the tens digit of j?
9
Let t be (-182)/(-21)*6/4. Suppose -2*f = 4*c - t - 7, -3*f + 3*c = -30. What is the units digit of f?
0
Suppose 762 - 3864 = -11*u. What is the tens digit of u?
8
What is the units digit of 202/2*6/6?
1
Let w(r) = -r - 5*r**2 + 0*r**2 + 21*r**2. What is the tens digit of w(-1)?
1
Suppose 3*s + 4 = 5*s. Let b be (-1 - -1)/s + 0. Suppose u - 3 = -b*u. What is the units digit of u?
3
Let q(j) = j**3 + 5*j**2 - 8*j - 1. Let r be q(-6). Let x(b) = 2*b**2 + 22*b - 4. Let k be x(-11). Let v = r + k. What is the units digit of v?
7
Suppose 2*b + 5*s - 61 = 0, -38 + 12 = -b - s. What is the units digit of b?
3
Suppose -5*m + 509 = 2*d, 1261 = -0*d + 5*d + m. What is the units digit of d?
2
Let i = -10 + 15. Suppose 0 = -4*j - i*n + 33, 0 = -4*j + 3*n - n - 2. What is the units digit of j?
2
What is the tens digit of ((-23)/3)/(5/(-75))?
1
Let o(x) = x + 7. Let t be o(-6). Let r = t + 40. Let d = r + -26. What is the tens digit of d?
1
What is the tens digit of (-1220)/(-30) - (-4)/(-6)?
4
Suppose -4 = 4*f - 5*f. Let j = f - 0. What is the units digit of (j/(-6))/((-12)/126)?
7
Suppose 91 = d - 3*j, -5*d - 171 + 561 = -2*j. What is the tens digit of d?
7
Suppose -4*a + 2*w + 912 = 0, -4*w - 302 = -4*a + 610. What is the tens digit of a?
2
Suppose 15*q - 5*q - 300 = 0. What is the units digit of q?
0
Let s = -5 - -15. What is the units digit of s?
0
Let f = -3 - -19. What is the tens digit of f?
1
Let t(p) be the first derivative of p**3/3 + 5*p**2/2 + 2*p + 2. What is the units digit of t(-6)?
8
Suppose 2*d + 4*h = 10, -2*h - 2*h - 1 = d. Let m = d - 0. What is the units digit of m?
1
Let n(w) be the second derivative of -w**3/6 - 5*w. Let f be 10/(-14) - 8/28. What is the units digit of n(f)?
1
Let h(g) = 4*g**2. Let l be h(1). Suppose 3*u = -q + 16, l*q + 3 = 19. Suppose u*a = -0*a + 12. What is the units digit of a?
3
Suppose -785 = -4*a + 123. What is the hundreds digit of a?
2
Suppose 0 = 7*k - k - 72. Suppose v - k - 17 = 0. What is the tens digit of v?
2
Suppose -r = 4*r + 4*z - 75, 3*z = 0. What is the tens digit of r?
1
Let q = 5 - 2. Let l be (q + -1 + -58)*-2. Suppose -2*u - 3*h + 55 = 8, 2*h - l = -5*u. What is the units digit of u?
2
Let s(c) = -6*c - 1. Let p be s(-2). Suppose z + p = 47. Suppose -6*k = -8*k + z. What is the units digit of k?
8
Let w = 243 - 80. What is the tens digit of w?
6
Let r(l) = 29*l - 1. Let b be r(3). Let o be (-2)/(-4) - (-18)/4. What is the tens digit of (-1)/o + b/5?
1
What is the units digit of 44/(-12)*(-78)/2?
3
Suppose -2*r - 4*p - 12 = -0*r, -r - 3*p = 10. Suppose -4*j = 2*m - 5*j - 13, 0 = r*m + 3*j - 25. Suppose 4*x = m*x - 20. What is the units digit of x?
5
Let y(n) = 95*n + 2. What is the units digit of y(1)?
7
Let s be 0*(-1)/2*1. Suppose s = 3*r + r - 16. Suppose 0 = -k + h + 8, -r*h = -7*k + 5*k + 14. What is the units digit of k?
9
Let g be 2/(-2)*3 - 63. Let j = g + 121. What is the tens digit of j?
5
What is the tens digit of (-1 - -1) + 0 - -77?
7
Suppose 4*q = -4*x - 8, 3*x + 2*q + 2 = -2. Suppose 3*g + 6 + x = 0. What is the units digit of ((-12)/(-16))/(g/(-24))?
9
Suppose -5*g - 23 = -153. What is the units digit of g?
6
Let t = -128 - -275. What is the units digit of t?
7
Suppose -2*w = -1 - 7. Suppose -b + 5*b - 208 = 4*u, -5*b + w*u = -255. What is the units digit of b?
7
Suppose -2*v + 379 = -3*x, 2*v = 2*x - 134 + 516. What is the tens digit of v?
9
Let g be 4 - 1*2/(-2). Suppose g*c - 14 = 76. Suppose -3*d + w - 5*w = -28, -3*w - c = -d. What is the tens digit of d?
1
Let h = 9 - -20. Suppose h = s + 8. What is the units digit of s?
1
Let h(z) = -2*z + z - z**2 - 10 - 7*z. Let u be h(-7). Let x = u + 8. What is the units digit of x?
5
Suppose z + 1 = -2. Let v(d) = d**3 + 4*d**2 - 2*d - 3. What is the tens digit of v(z)?
1
Let x be 1/(-3) - (-3)/9. Suppose 0 = 2*t + 2*v - 8, -6*v + v + 25 = x. Let b = t - -4. What is the units digit of b?
3
What is the tens digit of 2/4 - 315/(-6)?
5
Let f = 46 + -44. What is the units digit of f?
2
Let g = 14 - 11. What is the units digit of ((-3)/2)/(g/(-26))?
3
Let n(j) = -j**3 + 6*j**2 - 5*j - 1. Let v be n(5). Let q = v + 0. Let f = q - -9. What is the units digit of f?
8
Suppose 0 = 6*m - 2*m - 260. Suppose m = 6*u - u. What is the tens digit of u?
1
Let t be (-2)/8 - 1/(-4). Let b be 1/1 - (5 + t). Let k(x) = -x**3 - 3*x**2 - 2. What is the units digit of k(b)?
4
Suppose -33 = -2*w + 1. What is the tens digit of w?
1
Suppose 0 = -h + c + 3*c + 125, -2*c = h - 143. Suppose 5*t - 3*k + 0*k = h, 31 = t + 3*k. What is the units digit of t?
8
Let v be (-177)/(-15) - 1/(-5). Let q = -8 + v. Suppose -q = 3*p - 4*p. What is the units digit of p?
4
Suppose 2*q + 19 = 65. What is the units digit of q?
3
Let j = 2 - 2. Let r be j + (-62)/(-2) + -3. Suppose -r = -0*l - 2*l. What is the tens digit of l?
1
Let p(v) be the first derivative of v**4/4 + 4*v**3 - v**2/2 + v - 8. What is the units digit of p(-12)?
3
What is the units digit of (-660)/(-8) - 2/4?
2
Suppose -4*h - 164 = -5*m, 4*h = -3*m + 17 + 75. What is the tens digit of m?
3
Let o = -52 - -96. What is the tens digit of o?
4
Let w = 23 - 18. What is the units digit of w?
5
Suppose -4*y + 22 = -114. What is the units digit of y*3/18*3?
7
Let n(y) = -y**3 - 6*y**2 + 5*y - 10. What is the units digit of n(-7)?
4
Suppose -8 = -4*d + 2*d. Suppose -3*h = -4*q - 9, 20 = -2*h + d*h + 2*q. What is the units digit of h?
7
Suppose 0 = r - 6*r - 25. Let d(n) = n**2 + 6*n + 6. Let o be d(r). Suppose 3*l = -5*b + 4, -5 = b + 4*l + o. What is the units digit of b?
2
What is the units digit of -4 + -1 + 3 + 45?
3
Let g(l) = 11*l**2 + 2*l - 1. What is the tens digit of g(-5)?
6
What is the tens digit of (-4)/6*(-564)/8?
4
Suppose -2*g + 3 + 1 = 0. Let r(i) = 7*i - g*i**2 + 0 - 7 + i**3 - 4*i**2. What is the units digit of r(5)?
3
Let b(t) be the third derivative of -11*t**4/24 - 5*t**3/6 - 2*t**2. What is the units digit of b(-3)?
8
Let g be (-10)/(-4)*(-18)/(-15). Suppose 0 = -5*o - 4*k + 165, -g*o + 8*k + 99 = 3*k. What is the units digit of o?
3
What is the hundreds digit of 3696/35 + 6/(-10) + -3?
1
Suppose 0 = 7*c - 3*c. Suppose c = b - 3*b + 26. What is the tens digit of b?
1
Let h be (-1 - -4)*(-10)/6. Let v = h + 5. Suppose -3*f - f + 36 = v. What is the units digit of f?
9
Let m(n) be the third derivative of -n**4/6 - 2*n**3/3 + 2*n**2. What is the units digit of m(-4)?
2
Suppose -p + 5 = -3*i + 4*i, 0 = 5*p + 4*i - 24. What is the units digit of (-4)/(-32)*2*p?
1
Let i(a) be the third derivative of -1/120*a**6 + 2/3*a**3 - 1/24*a**4 - a**2 + 0*a + 0 - 7/60*a**5. What is the tens digit of i(-7)?
1
Suppose 2*k + 3*n = -0*n + 32, 12 = 3*n. Suppose -35 = -5*a + k. What is the units digit of a?
9
Suppose 3*k - 34 = 236. What is the units digit of k?
0
Let w be 1/(-2)*(-1 - -1). Let x = -6 + 1. What is the tens digit of 18 - (w - (x - -3))?
1
Suppose -2*x + 4*x = 4*q - 92, x - 101 = -5*q. Suppose 2*b - 5*g = -7 - 4, -q = -3*b - 5*g. What is the units digit of 1/(-2)*b - -4?
3
Let j(r) be the second derivative of 1/12*r**4 + 1/6*r**3 + r + 0 + r**2. What is the units digit of j(-2)?
4
Let m(g) = 5*g**2 - 15*g + 6. Let o(b) = -2*b**2 + 7*b - 3. Let l(s) = 3*m(s) + 7*o(s). Let q be l(-6). Suppose 3*w = q + 6. What is the units digit of w?
5
Let s = 222 + -62. What is the hundreds digit of s?
1
What is the tens digit of 335/4 + (-8)/(-32)?
8
Let u(p) = -p**3 + 10*p**2 - 4*p + 7. Let z be u(10). Let d be -2 + (4 + -2 - z). Let s = d + -18. What is the units digit of s?
5
Suppose -10*g - 1057 = -17*g. What is the tens digit of g?
5
Suppose -5*y = -4*g - 190, -3*y - g + 59 = -38. What is the tens digit of y?
3
Let x(k) = 8*k + 10. W